 10) in base 5?
34
-13 (base 8) to base 2
-1011
Convert -55 (base 12) to base 3.
-2102
Convert 241 (base 7) to base 8.
177
What is -12 (base 4) in base 6?
-10
Convert -16 (base 12) to base 8.
-22
Convert 103 (base 4) to base 15.
14
Convert 5 (base 12) to base 15.
5
422 (base 5) to base 4
1300
What is 1 (base 9) in base 15?
1
Convert 1 (base 6) to base 12.
1
0 (base 13) to base 4
0
-159 (base 15) to base 12
-219
What is 12 (base 12) in base 4?
32
1 (base 9) to base 2
1
What is -a (base 16) in base 2?
-1010
-2 (base 9) to base 3
-2
-224 (base 5) to base 6
-144
What is -11 (base 7) in base 5?
-13
What is 616 (base 7) in base 13?
1a8
What is -4d (base 15) in base 10?
-73
Convert -136 (base 14) to base 5.
-1434
Convert -c (base 14) to base 3.
-110
-2 (base 13) to base 16
-2
Convert -23 (base 7) to base 9.
-18
b (base 13) to base 9
12
9 (base 14) to base 10
9
Convert 5 (base 12) to base 5.
10
2 (base 14) to base 4
2
What is -1d (base 16) in base 2?
-11101
Convert -225 (base 9) to base 3.
-20212
-12 (base 3) to base 7
-5
-2022 (base 3) to base 15
-42
Convert 6 (base 15) to base 9.
6
What is 2c (base 15) in base 10?
42
-13 (base 8) to base 13
-b
What is -11 (base 7) in base 2?
-1000
-10 (base 12) to base 4
-30
Convert 212 (base 4) to base 14.
2a
-3 (base 6) to base 9
-3
What is 51 (base 13) in base 3?
2110
-11 (base 11) to base 14
-c
What is 410 (base 7) in base 16?
cb
What is -3 (base 15) in base 13?
-3
0 (base 8) to base 13
0
Convert -12 (base 9) to base 11.
-10
-11 (base 2) to base 7
-3
What is -1000 (base 2) in base 12?
-8
What is -1 (base 15) in base 11?
-1
What is -3 (base 10) in base 2?
-11
5 (base 7) to base 16
5
Convert -11 (base 4) to base 12.
-5
187 (base 9) to base 2
10100000
5 (base 14) to base 2
101
Convert 2 (base 4) to base 15.
2
343 (base 5) to base 11
8a
-d (base 14) to base 5
-23
-54 (base 14) to base 6
-202
What is 1 (base 2) in base 11?
1
1 (base 10) to base 5
1
-6 (base 14) to base 5
-11
1 (base 12) to base 11
1
1 (base 16) to base 14
1
1111 (base 6) to base 12
197
1 (base 9) to base 10
1
What is 10 (base 13) in base 14?
d
-31 (base 15) to base 4
-232
Convert -37 (base 10) to base 4.
-211
2001 (base 4) to base 3
11210
Convert 17 (base 9) to base 14.
12
What is 15 (base 16) in base 7?
30
Convert be (base 15) to base 10.
179
What is -31 (base 4) in base 2?
-1101
0 (base 13) to base 16
0
1 (base 14) to base 12
1
-1211 (base 3) to base 15
-34
What is 2 (base 10) in base 2?
10
2 (base 9) to base 6
2
-5 (base 16) to base 10
-5
4 (base 5) to base 14
4
-2 (base 3) to base 6
-2
Convert 103 (base 5) to base 4.
130
Convert -1 (base 9) to base 6.
-1
5 (base 14) to base 15
5
Convert -11 (base 2) to base 12.
-3
d (base 14) to base 4
31
-12 (base 3) to base 2
-101
0 (base 5) to base 13
0
What is -6 (base 12) in base 3?
-20
15 (base 9) to base 14
10
Convert 5 (base 16) to base 13.
5
Convert -222 (base 4) to base 15.
-2c
What is b (base 16) in base 15?
b
Convert 2323 (base 4) to base 15.
c7
1 (base 7) to base 8
1
Convert 39 (base 13) to base 6.
120
5 (base 12) to base 3
12
What is 310 (base 5) in base 11?
73
What is 23 (base 4) in base 10?
11
-125 (base 8) to base 6
-221
1101011 (base 2) to base 6
255
What is 1 (base 13) in base 10?
1
What is 1010 (base 4) in base 6?
152
Convert -1 (base 10) to base 4.
-1
Convert -12 (base 11) to base 14.
-d
What is -211 (base 4) in base 9?
-41
-a (base 11) to base 2
-1010
-1 (base 14) to base 15
-1
What is -11 (base 3) in base 8?
-4
-1111 (base 2) to base 12
-13
What is -24 (base 5) in base 12?
-12
Convert -117 (base 16) to base 14.
-15d
140 (base 8) to base 2
1100000
7 (base 15) to base 13
7
Convert 6 (base 8) to base 15.
6
1 (base 10) to base 13
1
What is -2 (base 12) in base 10?
-2
What is 324 (base 9) in base 6?
1121
What is 2 (base 7) in base 8?
2
Convert -111 (base 2) to base 12.
-7
-103 (base 7) to base 11
-48
-312 (base 7) to base 11
-132
102 (base 3) to base 9
12
Convert -27 (base 8) to base 15.
-18
-2 (base 6) to base 9
-2
-10110 (base 2) to base 13
-19
Convert 6 (base 13) to base 16.
6
41 (base 11) to base 6
113
What is -28 (base 10) in base 11?
-26
What is 2 (base 6) in base 2?
10
Convert 15 (base 11) to base 15.
11
Convert -1200 (base 4) to base 3.
-10120
Convert 346 (base 7) to base 8.
265
What is 10 (base 4) in base 14?
4
What is -312 (base 4) in base 12?
-46
What is 1 (base 14) in base 13?
1
Convert -3 (base 7) to base 15.
-3
Convert 100 (base 2) to base 10.
4
Convert -1 (base 16) to base 15.
-1
-100 (base 6) to base 11
-33
What is 31 (base 10) in base 8?
37
168 (base 11) to base 4
3003
-3 (base 6) to base 11
-3
3 (base 15) to base 3
10
What is 6 (base 8) in base 5?
11
4 (base 15) to base 9
4
14 (base 10) to base 3
112
Convert -22 (base 4) to base 10.
-10
Convert 0 (base 8) to base 2.
0
What is 13 (base 14) in base 8?
21
What is -15 (base 12) in base 2?
-10001
What is 13 (base 4) in base 6?
11
What is 30 (base 7) in base 12?
19
Convert -8 (base 13) to base 2.
-1000
b1 (base 14) to base 15
a5
What is 3 (base 13) in base 15?
3
What is -5 (base 7) in base 14?
-5
49 (base 10) to base 3
1211
Convert -4 (base 8) to base 14.
-4
Convert 10211 (base 3) to base 10.
103
What is 0 (base 3) in base 8?
0
45 (base 10) to base 12
39
-110 (base 2) to base 13
-6
Convert -5 (base 13) to base 10.
-5
132 (base 4) to base 11
28
110101 (base 2) to base 11
49
Convert 10 (base 3) to base 10.
3
What is -1001 (base 2) in base 5?
-14
-1b (base 15) to base 5
-101
-6 (base 14) to base 12
-6
What is -10 (base 7) in base 2?
-111
What is 102 (base 3) in base 7?
14
What is 1314 (base 5) in base 12?
155
Convert -e (base 15) to base 13.
-11
21 (base 6) to base 2
1101
What is 9c (base 16) in base 9?
183
Convert 1 (base 6) to base 3.
1
Convert -3 (base 5) to base 9.
-3
-33 (base 6) to base 11
-1a
Convert 7 (base 15) to base 5.
12
Convert -d (base 15) to base 13.
-10
221 (base 5) to base 7
115
Convert -52 (base 7) to base 13.
-2b
What is -2 (base 15) in base 5?
-2
Convert -25 (base 6) to base 14.
-13
-7 (base 16) to base 10
-7
154 (base 6) to base 5
240
What is 10010 (base 2) in base 6?
30
Convert 2 (base 16) to base 7.
2
-223 (base 4) to base 13
-34
3 (base 7) to base 12
3
Convert 311 (base 7) to base 6.
415
What is -3 (base 16) in base 7?
-3
What is 0 (base 5) in base 10?
0
Convert 79 (base 12) to base 3.
10110
Convert 15 (base 14) to base 5.
34
101111 (base 2) to base 14
35
Convert 1221 (base 4) to base 15.
70
-2 (base 14) to base 7
-2
What is 20 (base 3) in base 9?
6
Convert -6 (base 12) to base 2.
-110
-3 (base 6) to base 14
-3
What is 2 (base 15) in base 11?
2
What is -2 (base 10) in base 14?
-2
Convert 11 (base 3) to base 13.
4
1101 (base 3) to base 11
34
What is -115 (base 11) in base 14?
-9b
Convert -525 (base 7) to base 4.
-10020
47 (base 14) to base 7
120
-57 (base 14) to base 13
-5c
104 (base 10) to base 13
80
30 (base 7) to base 10
21
What is -2 (base 6) in base 14?
-2
What is 100110011 (base 2) in base 16?
133
-6 (base 12) to base 7
-6
What is -11 (base 8) in base 11?
-9
Convert -10 (base 3) to base 7.
-3
-18 (base 13) to base 11
-1a
1 (base 12) to base 10
1
Convert -176 (base 8) to base 10.
-126
-2 (base 10) to base 9
-2
102 (base 4) to base 3
200
-2 (base 13) to base 14
-2
171 (base 16) to base 15
199
-1 (base 2) to base 4
-1
What is 504 (base 6) in base 13?
112
Convert 11 (base 14) to base 4.
33
242 (base 9) to base 14
104
-104 (base 5) to base 7
-41
Convert -b (base 12) to base 3.
-102
110111 (base 2) to base 7
106
-1 (base 10) to base 7
-1
-d1 (base 15) to base 14
-100
-166 (base 7) to base 15
-67
-6 (base 8) to base 9
-6
What is -32 (base 4) in base 13?
-11
-1000 (base 2) to base 7
-11
Convert 2 (base 3) to base 2.
10
14 (base 11) to base 3
120
26 (base 11) to base 12
24
Convert -25 (base 12) to base 3.
-1002
68 (base 13) to base 9
105
Convert -100 (base 11) to base 3.
-11111
What is 1b (base 14) in base 15?
1a
Convert 3 (base 10) to base 13.
3
What is -201 (base 9) in base 6?
-431
Convert 2 (base 3) to base 13.
2
1 (base 15) to base 16
1
What is -1000 (base 2) in base 7?
-11
What is -12 (base 12) in base 3?
-112
Convert 101 (base 5) to base 10.
26
What is -125 (base 7) in base 11?
-62
What is 3 (base 8) in base 7?
3
0 (base 13) to base 14
0
What is -2 (base 9) in base 12?
-2
Convert 45 (base 10) to base 3.
12